s the greatest common factor of 70 and 13440?
70
What is the greatest common factor of 1495644 and 24?
12
Calculate the highest common divisor of 217 and 1920450.
217
What is the highest common factor of 19 and 5674654?
19
Calculate the highest common divisor of 3 and 57388.
1
What is the highest common factor of 118 and 192222?
118
Calculate the highest common divisor of 6992 and 782.
46
Calculate the greatest common divisor of 90 and 4990.
10
Calculate the greatest common divisor of 10293 and 3948.
141
Calculate the greatest common divisor of 675 and 6645.
15
What is the highest common divisor of 108 and 76?
4
Calculate the highest common divisor of 1029 and 2625.
21
What is the highest common factor of 319825 and 825?
275
What is the highest common divisor of 114263 and 13319?
701
What is the greatest common factor of 49772 and 276?
92
Calculate the greatest common factor of 18908 and 5216.
652
What is the highest common divisor of 166 and 104746?
166
What is the highest common divisor of 963 and 13167?
9
What is the highest common divisor of 2688 and 652512?
672
What is the highest common divisor of 1121328 and 208?
208
What is the greatest common divisor of 34568 and 1490?
298
Calculate the highest common divisor of 390 and 27150.
30
What is the highest common divisor of 5 and 2374?
1
What is the greatest common factor of 26 and 504842?
26
What is the highest common divisor of 120 and 857550?
30
Calculate the highest common factor of 33 and 1416162.
33
Calculate the highest common factor of 1610391 and 207.
69
What is the greatest common factor of 300 and 17196?
12
What is the highest common divisor of 170453 and 23?
23
What is the highest common divisor of 93 and 280488?
93
Calculate the highest common factor of 1304485 and 2745.
305
Calculate the greatest common divisor of 100 and 67690.
10
Calculate the highest common factor of 2216407 and 4028.
1007
What is the greatest common divisor of 308 and 129878?
14
What is the greatest common divisor of 1276 and 259270?
22
Calculate the greatest common divisor of 427332 and 8.
4
Calculate the highest common factor of 299829 and 51.
51
What is the greatest common divisor of 737125 and 1375?
125
What is the highest common divisor of 5363442 and 98?
98
What is the greatest common factor of 267361 and 164?
41
Calculate the greatest common divisor of 144 and 480336.
48
Calculate the highest common factor of 550 and 22660.
110
What is the highest common divisor of 17058 and 6?
6
Calculate the highest common divisor of 328120 and 260.
260
Calculate the greatest common divisor of 1229037 and 7389.
2463
What is the highest common factor of 645 and 5547?
129
Calculate the highest common factor of 24634 and 1582.
226
What is the highest common factor of 36 and 354012?
12
Calculate the highest common factor of 179477 and 303.
101
What is the highest common divisor of 145 and 95555?
145
What is the greatest common divisor of 34720 and 400?
80
What is the greatest common factor of 1043 and 24138?
149
Calculate the highest common factor of 280150 and 400.
50
What is the greatest common divisor of 1078 and 58114?
98
What is the highest common factor of 2 and 181862?
2
What is the greatest common divisor of 124 and 88474?
62
What is the greatest common factor of 66759 and 6647?
289
What is the highest common factor of 174 and 6738?
6
What is the highest common factor of 18 and 3512862?
18
Calculate the greatest common divisor of 74601 and 12.
3
What is the highest common factor of 400 and 9425?
25
Calculate the greatest common factor of 493665 and 270.
15
What is the greatest common factor of 48 and 45228?
12
Calculate the greatest common divisor of 288 and 7584.
96
Calculate the highest common divisor of 8695 and 555.
185
Calculate the greatest common divisor of 11569 and 2116.
23
What is the greatest common factor of 686 and 1439228?
686
Calculate the greatest common factor of 68864 and 48.
16
What is the highest common factor of 650 and 4350?
50
Calculate the highest common divisor of 2528 and 275868.
316
Calculate the greatest common factor of 684 and 192.
12
What is the highest common divisor of 2288 and 102256?
176
What is the greatest common divisor of 66 and 3982682?
22
Calculate the greatest common factor of 16958 and 20984.
122
What is the greatest common factor of 3545 and 55?
5
Calculate the greatest common factor of 65 and 31824.
13
What is the highest common factor of 1200 and 5000?
200
What is the greatest common factor of 90747 and 14121?
27
What is the highest common factor of 164 and 844?
4
Calculate the greatest common divisor of 18519580 and 10.
10
Calculate the highest common divisor of 14577 and 1161.
129
Calculate the greatest common divisor of 45998 and 1266.
422
What is the greatest common factor of 14601 and 93?
93
What is the highest common factor of 337600 and 32?
32
What is the highest common factor of 10 and 847370?
10
What is the highest common divisor of 6259386 and 42?
42
Calculate the highest common divisor of 1615 and 1026.
19
Calculate the greatest common divisor of 329 and 49.
7
Calculate the highest common factor of 88 and 3985663.
11
What is the highest common divisor of 12276 and 57164?
124
What is the highest common factor of 2486 and 616?
22
Calculate the greatest common factor of 1577162 and 111.
37
Calculate the highest common divisor of 32585 and 55.
5
What is the highest common divisor of 55620 and 492?
12
What is the highest common factor of 582312 and 38?
38
What is the highest common factor of 127 and 234569?
127
What is the greatest common factor of 534900 and 1050?
150
What is the highest common factor of 359166 and 2046?
186
What is the greatest common divisor of 85833 and 33?
33
What is the greatest common divisor of 1026 and 616626?
1026
Calculate the greatest common divisor of 31 and 770009.
31
Calculate the greatest common divisor of 707 and 4787804.
707
What is the highest common factor of 54 and 133299?
27
What is the greatest common divisor of 2460 and 133824?
492
What is the greatest common divisor of 1814 and 378?
2
What is the greatest common divisor of 30 and 156410?
10
What is the greatest common factor of 135682 and 2653?
379
Calculate the highest common factor of 1539 and 333.
9
Calculate the highest common divisor of 1448 and 64.
8
What is the highest common divisor of 78 and 8229?
39
What is the greatest common factor of 14491 and 43?
43
Calculate the greatest common factor of 13117 and 52.
13
Calculate the highest common factor of 8748 and 4896.
36
Calculate the greatest common factor of 561 and 34323.
51
Calculate the greatest common divisor of 5160 and 167270.
430
Calculate the greatest common factor of 26270 and 425.
5
What is the highest common divisor of 96 and 1356?
12
What is the greatest common factor of 856 and 55747?
107
Calculate the highest common divisor of 49926 and 2826.
942
What is the greatest common factor of 30894 and 114?
114
What is the greatest common divisor of 39 and 34554?
39
Calculate the highest common factor of 239490 and 54.
54
Calculate the highest common factor of 508 and 21209.
127
Calculate the greatest common factor of 50458 and 6.
2
What is the greatest common factor of 1958165 and 110?
55
What is the greatest common divisor of 320178 and 172?
86
What is the highest common divisor of 362 and 13213?
181
Calculate the greatest common factor of 4055 and 5.
5
Calculate the highest common divisor of 21294 and 545454.
1638
What is the highest common factor of 330 and 31854?
6
Calculate the greatest common factor of 5523 and 16832.
263
What is the greatest common divisor of 32368 and 816?
272
What is the greatest common factor of 144 and 19056?
48
Calculate the highest common divisor of 4312 and 128832.
88
Calculate the greatest common divisor of 31872 and 984.
24
What is the highest common factor of 64216 and 16008?
184
Calculate the highest common factor of 3262 and 623.
7
What is the highest common divisor of 17459 and 3315?
221
What is the greatest common factor of 1223985 and 105?
105
Calculate the highest common divisor of 54 and 15894.
18
Calculate the greatest common factor of 50776 and 1496.
88
What is the highest common divisor of 2012 and 200?
4
Calculate the highest common factor of 8 and 55256.
8
